prime factors of 155157231?
3, 51719077
What are the prime factors of 1657232072?
2, 37, 233, 24029
What are the prime factors of 483210426?
2, 3, 139, 263, 2203
What are the prime factors of 47805309?
3, 17, 149, 233
What are the prime factors of 125255275?
5, 251, 19961
What are the prime factors of 565125352?
2, 11, 71, 151, 599
List the prime factors of 1339677902.
2, 8863, 75577
List the prime factors of 880420694.
2, 97, 4538251
What are the prime factors of 96503962?
2, 48251981
What are the prime factors of 364967315?
5, 137, 677, 787
List the prime factors of 1582245133.
7, 29, 67, 16619
List the prime factors of 371798429.
1459, 254831
List the prime factors of 30288834.
2, 3, 1682713
List the prime factors of 187138929.
3, 62379643
What are the prime factors of 20391783?
3, 6797261
What are the prime factors of 37018315?
5, 37, 401, 499
What are the prime factors of 24328887?
3, 11, 17, 2551
List the prime factors of 510620926.
2, 6863, 37201
What are the prime factors of 140736483?
3, 2633, 5939
List the prime factors of 81319824.
2, 3, 641, 881
What are the prime factors of 781417136?
2, 48838571
List the prime factors of 1430652611.
379, 3774809
List the prime factors of 75703106.
2, 19, 251, 7937
List the prime factors of 50062939.
5669, 8831
What are the prime factors of 232153747?
7, 1009, 32869
List the prime factors of 1686815982.
2, 3, 31237333
List the prime factors of 1489928504.
2, 113, 1013, 1627
What are the prime factors of 3548815405?
5, 29, 1709, 14321
What are the prime factors of 65023818?
2, 3, 10837303
List the prime factors of 302460780.
2, 3, 5, 67, 75239
What are the prime factors of 342481629?
3, 7, 2329807
What are the prime factors of 677807918?
2, 17, 19935527
List the prime factors of 154573901.
37, 4177673
What are the prime factors of 95505286?
2, 17, 19, 163, 907
What are the prime factors of 3981494799?
3, 442388311
What are the prime factors of 394299623?
67, 1193, 4933
List the prime factors of 751931673.
3, 250643891
What are the prime factors of 697099548?
2, 3, 23, 41, 61603
What are the prime factors of 4453732?
2, 61, 18253
List the prime factors of 42214030.
2, 5, 571, 7393
What are the prime factors of 40961376?
2, 3, 15803
List the prime factors of 12535047.
3, 7, 29, 2287
What are the prime factors of 1011740382?
2, 3, 6245311
List the prime factors of 18948208.
2, 43, 27541
What are the prime factors of 1277846723?
1277846723
What are the prime factors of 233144923?
11, 21194993
List the prime factors of 521630470.
2, 5, 1361, 38327
List the prime factors of 78827658.
2, 3, 7, 13, 59, 2447
List the prime factors of 872903486.
2, 7, 13, 73, 65701
What are the prime factors of 271368584?
2, 33921073
What are the prime factors of 336784728?
2, 3, 7, 19, 105509
List the prime factors of 4395198640.
2, 5, 7, 7848569
List the prime factors of 81750151.
7, 11678593
What are the prime factors of 19247723?
11, 17, 102929
What are the prime factors of 166786588?
2, 41696647
List the prime factors of 4142811902.
2, 13441, 154111
List the prime factors of 24374453.
37, 461, 1429
What are the prime factors of 110710402?
2, 11, 311, 1471
List the prime factors of 47160517.
31, 83, 18329
List the prime factors of 257504802.
2, 3, 42917467
What are the prime factors of 1819372980?
2, 3, 5, 17, 1783699
What are the prime factors of 2162965019?
13177, 164147
What are the prime factors of 568583745?
3, 5, 61, 271, 2293
List the prime factors of 418323619.
7, 59760517
What are the prime factors of 982896517?
59, 16659263
List the prime factors of 697640749.
13, 53, 107, 9463
What are the prime factors of 181974038?
2, 90987019
List the prime factors of 5914534419.
3, 657170491
What are the prime factors of 74106452?
2, 7, 2646659
What are the prime factors of 405051764?
2, 13, 199, 3011
List the prime factors of 336308428.
2, 84077107
What are the prime factors of 218038548?
2, 3, 7, 13, 199669
List the prime factors of 1291004139.
3, 5381, 79973
List the prime factors of 3753110698.
2, 19, 23, 4294177
List the prime factors of 366354846.
2, 3, 11, 13, 19, 227
What are the prime factors of 6368971?
7, 19, 6841
What are the prime factors of 461985776?
2, 7, 29, 142237
List the prime factors of 62018301.
3, 20672767
What are the prime factors of 798961467?
3, 3461, 76949
What are the prime factors of 3439229593?
59, 61, 955607
List the prime factors of 342780464.
2, 13, 29, 56827
What are the prime factors of 14330242?
2, 23, 61, 5107
List the prime factors of 4160315384.
2, 3181, 163483
What are the prime factors of 55664906?
2, 11, 2530223
What are the prime factors of 445391224?
2, 53, 1050451
List the prime factors of 92732060.
2, 5, 4636603
What are the prime factors of 317114477?
317114477
What are the prime factors of 56370732?
2, 3, 11, 509, 839
What are the prime factors of 28689037?
13, 211, 10459
What are the prime factors of 70303257?
3, 31, 251983
List the prime factors of 29575826.
2, 7, 1201, 1759
List the prime factors of 67938632.
2, 8492329
List the prime factors of 88543021.
7, 17, 19, 39161
What are the prime factors of 1843164844?
2, 19, 24252169
List the prime factors of 90448241.
13, 73, 191, 499
List the prime factors of 205502672.
2, 12843917
List the prime factors of 53117172.
2, 3, 389, 3793
List the prime factors of 122923116.
2, 3, 719, 1583
What are the prime factors of 22231222?
2, 13, 457, 1871
List the prime factors of 933060470.
2, 5, 17, 5488591
What are the prime factors of 53409160?
2, 5, 7, 53, 59, 61
What are the prime factors of 7774058?
2, 823, 4723
List the prime factors of 1254775383.
3, 541, 257707
What are the prime factors of 600867166?
2, 300433583
List the prime factors of 6064962961.
6064962961
What are the prime factors of 153384536?
2, 37, 518191
What are the prime factors of 64034785?
5, 12806957
List the prime factors of 1451140474.
2, 7, 6761, 15331
List the prime factors of 15455933.
269, 57457
List the prime factors of 179225367.
3, 1103, 54163
List the prime factors of 140926832.
2, 1297, 6791
What are the prime factors of 4314598975?
5, 29, 569, 10459
List the prime factors of 5105067.
3, 11, 154699
List the prime factors of 415380448.
2, 7, 17, 15583
List the prime factors of 5804492124.
2, 3, 483707677
List the prime factors of 250631145.
3, 5, 1301, 1427
List the prime factors of 219007875.
3, 5, 337, 1733
What are the prime factors of 104195652?
2, 3, 11, 17, 59, 787
List the prime factors of 106885913.
131, 815923
List the prime factors of 1799889.
3, 7, 13, 19, 347
What are the prime factors of 92889797?
7, 11, 13, 71, 1307
List the prime factors of 1270422818.
2, 7, 17, 5337911
What are the prime factors of 256887210?
2, 3, 5, 509, 16823
What are the prime factors of 358243814?
2, 23, 41, 189949
List the prime factors of 1984355598.
2, 3, 887, 372859
What are the prime factors of 279745014?
2, 3, 43, 257, 4219
List the prime factors of 301950257.
7, 43, 557, 1801
List the prime factors of 17940090.
2, 3, 5, 7, 85429
What are the prime factors of 55069957?
55069957
What are the prime factors of 190095548?
2, 457, 103991
List the prime factors of 8680354972.
2, 17, 19, 6718541
What are the prime factors of 230554830?
2, 3, 5, 11, 431, 1621
List the prime factors of 45841107.
3, 13, 1175413
List the prime factors of 27630057.
3, 7, 13, 101209
List the prime factors of 569751322.
2, 7, 5813789
List the prime factors of 716980477.
83, 8638319
List the prime factors of 150925810.
2, 5, 7, 2156083
What are the prime factors of 130880941?
239, 547619
List the prime factors of 28470267.
3, 7, 451909
List the prime factors of 542204428.
2, 135551107
What are the prime factors of 446542802?
2, 223271401
List the prime factors of 5875355925.
3, 5, 283, 30757
What are the prime factors of 25680317?
13, 1975409
What are the prime factors of 271005233?
271005233
What are the prime factors of 25820890?
2, 5, 2582089
What are the prime factors of 195416691?
3, 19, 79, 43397
What are the prime factors of 59038261?
103, 229, 2503
List the prime factors of 133318976.
2, 7, 523, 569
What are the prime factors of 1003538477?
1193, 841189
What are the prime factors of 575583801?
3, 13, 67, 181, 1217
What are the prime factors of 288127317?
3, 96042439
What are the